1/6*v**4. Calculate f(2).
8
Suppose -5*w = 5*x + 45, -2*w + 0*w + 3 = -5*x. Let c(m) = 4*m + 8. Calculate c(w).
-16
Suppose 3*q = 5*t - 11 + 2, -12 = -4*t. Let l(u) = 2*u**q - 5*u**3 - 4*u**2 - u + 3*u**3 - u**2. Give l(-2).
6
Suppose 2*w - 8 = 2*z, -4*z + 2*w - 18 + 8 = 0. Let r(n) be the first derivative of -1/2*n**2 + n + 2. Give r(z).
2
Let j = -12 - -8. Let v be 4/(-16) + 19/j. Let o(a) = a**3 + 6*a**2 + 7*a + 6. Calculate o(v).
-4
Let y(w) = w**3 - 8*w**2 - 11*w + 4. Let j(b) = -3*b**3 + 23*b**2 + 32*b - 12. Let o be -6 + (-6)/3 + 0. Let f(h) = o*y(h) - 3*j(h). What is f(6)?
-8
Let y(t) be the first derivative of -t**2 + 5*t - 8. Determine y(-6).
17
Let p(z) = -z**2 + 7*z - 2. Let d(n) = -n**3 + n + 1. Let a = 10 + -12. Let j be d(a). What is p(j)?
-2
Suppose -12 = i + 3*k, 2*i + 4 + 0 = -2*k. Let b(a) = 2*a + i*a - a - a. Calculate b(-1).
-3
Let d(w) = -w**3 + w**2 + 4*w + 1. Suppose 7 = c - 0. Suppose 2*v = 4*o - c*o - 1, -6 = 3*v. Let a be -2 - (-6*o + 1). Determine d(a).
-5
Let s(a) = -10*a - 5 + 3*a + 4*a. Give s(-4).
7
Let f = 10 + -12. Let d be (-68)/17 - (0 - f). Let t(x) = -x**2 - 7*x. Determine t(d).
6
Let i(l) = -1 + 3*l**3 - 11*l + 11*l**3 - 18*l**2 + 5. Let s(p) = 5*p**3 - 6*p**2 - 4*p + 1. Let a(f) = -6*i(f) + 17*s(f). Give a(-6).
5
Let z(y) be the first derivative of 1/4*y**4 - 8 + 4/3*y**3 + 2*y**2 + 4*y. Suppose -8*n + 4*n = 12. What is z(n)?
1
Let u(o) be the third derivative of o**5/30 + o**4/12 + 2*o**2. Suppose 0 = -4*t + 2*t - 4. Calculate u(t).
4
Let q(n) = 2*n - 13. Let w(l) = 2*l**3 - 4*l - 3. Let c be w(-2). Let k(r) = -r + 7. Let v(b) = c*k(b) - 6*q(b). What is v(-5)?
6
Let f(x) = -x**2 - 7*x - 2. Suppose -3*h - 11 = -2*u, h + 3*u = -h - 29. Determine f(h).
-2
Let a(b) = -6*b**2 + b - 9. Let t(z) = 7*z**2 + 10. Let r(w) = 6*a(w) + 5*t(w). Give r(5).
1
Let h(d) = -d - 6. Let f be h(-6). Let q(k) = -k**2 - k + 5. Calculate q(f).
5
Suppose -4 = -d - d. Let g(y) = 2*y**2 - y**d + 5 + 0 - 4. What is g(3)?
10
Let y(t) = t**2 - 3*t + 1. Suppose o + 2*g + 16 = 0, -2*o + 13 = -0*o - 5*g. Let d be (1 + 2)*(-8)/o. What is y(d)?
5
Suppose -14 = -m + 4*w - 3*w, -2*w - 38 = -3*m. Let c = m - 6. Suppose 5*k - q = 6, c*k + 5*q - q = 0. Let j(r) = 3*r**2 - 1. What is j(k)?
2
Let h(v) = v. Let x(s) = -3. Let l(g) = 5*h(g) - x(g). What is l(-3)?
-12
Let y = -15 - -10. Let g be y/4 + 2/8. Let m(k) = k - 1. Let u(c) = -2*c - 1. Let l(a) = m(a) + u(a). What is l(g)?
-1
Let p be 1*(-9)/(-15)*-5. Let y(k) = k**2 + 6*k + 2. What is y(p)?
-7
Suppose 0 = -5*q - 5*i - 40, 3*q - 2*q - 3*i = 8. Let p(v) be the first derivative of -v**4/4 - 5*v**3/3 - 3*v**2 - v - 6. Give p(q).
7
Let z(t) = -40*t**2 - t**3 + 0*t**3 - 3 + 4 - 3*t + 35*t**2. What is z(-3)?
-8
Let p(l) = 0*l - 5*l - l + 8*l. Determine p(-2).
-4
Let c(g) = 8*g - 7. Let v(k) = 3*k - 2. Let b(o) = 4*c(o) - 11*v(o). Suppose 4*h - 16 = -4*p + 24, 5*h = 2*p + 50. Suppose -w = w + h. Calculate b(w).
-1
Let v(p) = 3*p + 1. Let s be v(-1). Let m be 2 - 0/(3 + s). Let y(l) = 0 + 2*l**2 - 4 + 5 - l**m. What is y(0)?
1
Let d(n) be the third derivative of n**7/5040 - 7*n**6/720 - n**5/30 - n**2. Let v(t) be the third derivative of d(t). What is v(5)?
-2
Let v(w) be the first derivative of -w**4/4 - 2*w**3 + 5*w**2/2 - 5*w - 18. Calculate v(-7).
9
Let b(s) = -s - 1. Let q(a) = a + 1. Let j(x) = -4*b(x) - 3*q(x). Give j(-3).
-2
Let k be 16 - -2*3/3. Suppose -k - 7 = -5*v. Suppose -v*a + 28 = 8, -28 = -4*l - 4*a. Let y(d) = d**2 - 2. Calculate y(l).
7
Let x(d) = 16*d**3 - 5*d**2 - 6*d + 11. Let j(k) = -3*k**3 + k**2 + k - 2. Let z(i) = 11*j(i) + 2*x(i). Give z(0).
0
Let y(g) be the second derivative of -g**5/20 + g**4/2 - g**3/2 + 3*g**2/2 - 3*g. Let p(r) = 6*r - 1. Let c be p(1). Calculate y(c).
13
Let o(d) = -d - 2. Suppose b = -0*t + 4*t + 11, 7 = b - 2*t. What is o(b)?
-5
Let f(z) be the second derivative of -3*z**4/4 - z**3/6 - z. Let g be 12*(2 - 9/6). Let m be (-1)/5 - g/(-5). What is f(m)?
-10
Let x = -17 + 7. Let g(h) = -h - 12. Determine g(x).
-2
Let f be (-1)/(-2) + (-161)/(-14). Suppose d = -4*n - f, n = -4*n + 2*d - 28. Let y(c) = 2*c + 4. Give y(n).
-4
Let p(o) = o**3 + 7*o**2 + 4*o - 7. Let d = -49 + 43. Give p(d).
5
Let t(n) = -n**3 + n**2 + n + 7. Suppose 2*h + 4 = -5*z, 0 = 4*z + h - 2*h - 2. Calculate t(z).
7
Let l(p) = -p**2 + 5*p - 6. Let o = 2 - -3. Let j = -2 - -5. Suppose -2*g + o = -j. Determine l(g).
-2
Let k = -8 - -4. Let q(h) = 5*h**2 - 5 - 12*h**3 + 6 + 13*h**3 + 5*h. Give q(k).
-3
Let s be (14/6)/(1/(-3)). Let c(k) = k**3 + 7*k**2 + 2*k + 1. Calculate c(s).
-13
Let p = -58 - -59. Let u(k) = -3*k + 1. What is u(p)?
-2
Suppose -m = -3*q - 5, 4*m - 6 = -2*q + 7*q. Let g be (4 - 15/3) + m. Let i(j) = -6*j - 3. Calculate i(g).
9
Let n(o) = -7*o + 0 - 11*o**2 + 12*o**2 + 6. Let h be n(4). Let q(v) = v**2 + 7*v - 6. Calculate q(h).
-12
Let c be 6/(-39) - 28/(-13). Let r be 0 + 4 - 6/c. Let m(y) = -y + y**2 + 6*y**2 + 4*y**2. Calculate m(r).
10
Let h = -1 - 1. Let o(c) = -8*c - 1. Let n(a) = 3*a + 8. Let p(f) = 2*f + 5. Let q(u) = -5*n(u) + 8*p(u). Let x(y) = -2*o(y) - 14*q(y). Determine x(h).
-2
Suppose 0 = -w - 6*w + 14. Let f(v) be the second derivative of -2*v + 0*v**w - 1/6*v**3 + 0*v**4 + 1/2*v**5 + 0. Determine f(-1).
-9
Let g be 14/63 + 2/(-9). Let c(l) be the third derivative of l**2 - 2/3*l**3 - 1/8*l**4 + 1/120*l**6 - 1/20*l**5 + g*l + 0. Give c(4).
0
Let y be -1 + (-8)/(-3 - 1). Let z = y - 3. Let b(g) = -4*g**2 - 4*g - 2. Calculate b(z).
-10
Let b(c) = c**3 + c**2 + 4*c + 2. Let k(s) = 1 - 3*s**2 + 3 - 2*s**3 - 9 - 9*s - s**3. Let a be ((-2)/(-8) + 1)*4. Let z(v) = a*b(v) + 2*k(v). Determine z(-2).
0
Let h(l) = 1 - 2*l**2 - 3*l**2 - 5*l**2. Let w(m) = -m**2 - 1. Let n be (-1)/(-6) + 5/(-30). Let g be w(n). Give h(g).
-9
Let w(d) = d**3 + 3*d**2 - 5*d - 3. Let h(r) = 8*r**2 + 2. Let o be h(2). Let i = -17 + 9. Let f be o/(-8) + (-2)/i. Calculate w(f).
1
Let b(s) = s**3 - 5*s**2 + s - 1. Let r be b(5). Suppose -2*z = -r*z. Let q(j) = 0*j**2 - j + 4*j**2 - j**3 + z*j**2 + 2. What is q(4)?
-2
Let w be (8 - 4) + 2 + 0/4. Let x(u) = -u - 1. Calculate x(w).
-7
Let l(i) = i**2 - 2*i - 2. Suppose 5*p = p + 12. Let h be l(p). Let w(n) = -8*n**3 - 2*n**2 + 2*n - 1. What is w(h)?
-9
Let r be 14/3 + 8/(-12). Suppose c - 3*i + 8 = -c, -4 = c + r*i. Let z(m) = m**3 + 4*m**2 + m + 5. Give z(c).
1
Let a(y) = -2*y**2 - 2*y - 2 + 1 + 2. Determine a(-3).
-11
Suppose 0*n = 3*n - 3. Let u be 3/1 + 1/n. Let r(f) = f**3 - 4*f**2 - f - 5. Give r(u).
-9
Let f(o) = -o**2 + 2*o + 2. Let r = -15 + 8. Let v = r + 10. Let l be 2/((v - 2)/(-1)). Give f(l).
-6
Suppose -2*b + 8 = 2. Let m(g) = -2 + 3*g**2 - 3*g + g**3 - b*g**2. What is m(-2)?
-4
Suppose -b + 6 = -3*b. Let s(m) be the third derivative of m**6/120 + m**5/20 - m**3/3 + m**2. What is s(b)?
-2
Let c(x) = -3*x**2 - 11 + 5*x**2 + 4*x**2 - x - 5*x**2. Determine c(0).
-11
Let r(q) = 0 - 1 + 0*q + 3 - q. Let f be (-54)/10 + 2/5. Determine r(f).
7
Let x(c) = c**3 + 9*c**2 - 4*c + 9. Let h(q) = -5 + 4*q - 11*q**2 - 2*q**3 + q**3 - 3 + 3*q**2. Let a(f) = -6*h(f) - 5*x(f). Calculate a(-4).
3
Let c(f) = f**2 - f - 3. Let a(x) = x - 10. Let m be a(8). Let o = m + 3. Let d = o - 1. What is c(d)?
-3
Suppose 3*f - 1 - 5 = 0. Let v(j) = 3*j**3 - 4*j**2 + 4*j - 3. Calculate v(f).
13
Let u(y) = -y**3 + 3*y**2 + 3*y - 1. Let z(r) = -16 + 2*r + 14 - 3*r. Let n be z(-5). Give u(n).
8
Suppose 4*m - 5 = 7. Let q = 11 - 4. Suppose -5*z = s + q, -2 = -3*s - 2*z + m. Let t(u) = u + 4. Calculate t(s).
7
Let l(b) = 14*b**2 - 27*b - 6. Let c(q) = 3*q**2 - 5*q - 1. Let f(t) = -11*c(t) + 2*l(t). Give f(1).
-5
Suppose -9 = -4*j + 11. Suppose 0*q = 5*q + j. Let b(l) be the first derivative of l**3/3 + 4. Calculate b(q).
1
Suppose -50 = 5*g - 4*q, g - 23 = 4*g - q. Let x(c) = -c**2 - 9*c - 9. Calculate x(g).
9
Let q(y) be the third derivative of y**5/60 + 7*y**4/24 + y**3/2 + 10*y**2. Suppose -5*t + 26 = -3*f, 0 = -0*f - 2*f + t - 15. Determine q(f).
3
Let x(o) = 2*o + 4. Suppose 20 = 8*l - 3*l. Give x(l).
12
Let x be -2 + (-5)/(-4)*4. Let r(t) = 2*t**2 - 4*t + 1. What is r(x)?
7
Let f(h) = 4*h - 6 - 59*h**2 - 2*h + 60*h**2. Calculate f(-5).
9
Let q(w) = -12*w**3 - 5*w**2 + 6*w - 1. Let k(i) = i**3 + i**2 - i. Let b = 14 + -21. Let u = 6 + b. Let v(r) = u*q